{"id":123,"date":"2019-12-20T20:49:33","date_gmt":"2019-12-20T20:49:33","guid":{"rendered":"https:\/\/blekingekvlvf.vattenorg.se\/?page_id=123"},"modified":"2019-12-20T20:49:33","modified_gmt":"2019-12-20T20:49:33","slug":"luftkontroll","status":"publish","type":"page","link":"https:\/\/blekingekvlvf.vattenorg.se\/?page_id=123","title":{"rendered":"Luftkontroll"},"content":{"rendered":"\n<p>H\u00e4r finns information om luftkontrollen inom Blekinge Kustvatten och Luftv\u00e5rdsf\u00f6rbund. Unders\u00f6kningarna har tidigare utf\u00f6rts p\u00e5 uppdrag av Blekinge Luftv\u00e5rdsf\u00f6rbund. F\u00f6r n\u00e4rvarande sk\u00f6ts luftkontrollen av\u00a0<a rel=\"noreferrer noopener\" href=\"https:\/\/www.ivl.se\/\" target=\"_blank\">IVL Svenska Milj\u00f6institutet<\/a>.<\/p>\n\n\n\n<figure class=\"wp-block-image size-large\"><img loading=\"lazy\" decoding=\"async\" width=\"300\" height=\"291\" src=\"https:\/\/blekingekvlvf.vattenorg.se\/wp-content\/uploads\/2019\/12\/sol.jpg\" alt=\"himmel\" class=\"wp-image-107\"\/><\/figure>\n","protected":false},"excerpt":{"rendered":"<p>H\u00e4r finns information om luftkontrollen inom Blekinge Kustvatten och Luftv\u00e5rdsf\u00f6rbund. Unders\u00f6kningarna har tidigare utf\u00f6rts p\u00e5 uppdrag av Blekinge Luftv\u00e5rdsf\u00f6rbund. F\u00f6r n\u00e4rvarande sk\u00f6ts luftkontrollen av\u00a0IVL Svenska Milj\u00f6institutet.<\/p>\n","protected":false},"author":1,"featured_media":0,"parent":0,"menu_order":0,"comment_status":"closed","ping_status":"closed","template":"","meta":{"footnotes":""},"class_list":["post-123","page","type-page","status-publish","hentry"],"_links":{"self":[{"href":"https:\/\/blekingekvlvf.vattenorg.se\/index.php?rest_route=\/wp\/v2\/pages\/123","targetHints":{"allow":["GET"]}}],"collection":[{"href":"https:\/\/blekingekvlvf.vattenorg.se\/index.php?rest_route=\/wp\/v2\/pages"}],"about":[{"href":"https:\/\/blekingekvlvf.vattenorg.se\/index.php?rest_route=\/wp\/v2\/types\/page"}],"author":[{"embeddable":true,"href":"https:\/\/blekingekvlvf.vattenorg.se\/index.php?rest_route=\/wp\/v2\/users\/1"}],"replies":[{"embeddable":true,"href":"https:\/\/blekingekvlvf.vattenorg.se\/index.php?rest_route=%2Fwp%2Fv2%2Fcomments&post=123"}],"version-history":[{"count":1,"href":"https:\/\/blekingekvlvf.vattenorg.se\/index.php?rest_route=\/wp\/v2\/pages\/123\/revisions"}],"predecessor-version":[{"id":124,"href":"https:\/\/blekingekvlvf.vattenorg.se\/index.php?rest_route=\/wp\/v2\/pages\/123\/revisions\/124"}],"wp:attachment":[{"href":"https:\/\/blekingekvlvf.vattenorg.se\/index.php?rest_route=%2Fwp%2Fv2%2Fmedia&parent=123"}],"curies":[{"name":"wp","href":"https:\/\/api.w.org\/{rel}","templated":true}]}}

<p>Här finns information om luftkontrollen inom Blekinge Kustvatten och Luftvårdsförbund. Undersökningarna har tidigare utförts på uppdrag av Blekinge Luftvårdsförbund. För närvarande sköts luftkontrollen av <a rel="noreferrer noopener" href="https://www.ivl.se/" target="_blank">IVL Svenska Miljöinstitutet</a>.</p>



<figure class="wp-block-image size-large"><img loading="lazy" decoding="async" width="300" height="291" src="https://blekingekvlvf.vattenorg.se/wp-content/uploads/2019/12/sol.jpg" alt="himmel" class="wp-image-107"/></figure>

<p>Här finns information om luftkontrollen inom Blekinge Kustvatten och Luftvårdsförbund. Undersökningarna har tidigare utförts på uppdrag av Blekinge Luftvårdsförbund. För närvarande sköts luftkontrollen av IVL Svenska Miljöinstitutet.</p>
