{"id":129,"date":"2019-12-20T20:55:32","date_gmt":"2019-12-20T20:55:32","guid":{"rendered":"https:\/\/blekingekvlvf.vattenorg.se\/?page_id=129"},"modified":"2020-09-26T11:06:56","modified_gmt":"2020-09-26T11:06:56","slug":"kemisk-fysikaliska-parametrar-i-vatten","status":"publish","type":"page","link":"https:\/\/blekingekvlvf.vattenorg.se\/?page_id=129","title":{"rendered":"Kemisk-fysikaliska parametrar i vatten"},"content":{"rendered":"\n<div class=\"wp-block-image\"><figure class=\"alignright size-large\"><img loading=\"lazy\" decoding=\"async\" width=\"167\" height=\"245\" src=\"https:\/\/blekingekvlvf.vattenorg.se\/wp-content\/uploads\/2020\/01\/limnoshamtare.png\" alt=\"Limnosh\u00e4mtare\" class=\"wp-image-315\"\/><figcaption>  Vattenprovtagning med Limnosh\u00e4mtare  <\/figcaption><\/figure><\/div>\n\n\n\n<p>En rad olika kemisk-fysikaliska parametrar provtas i Blekinges kustvatten. Varje m\u00e5nad provtas tv\u00e5 s\u00e5 kallade intensivstationer och fem g\u00e5nger \u00e5rligen (sommar och vinter) tas prover vid ytterligare ett tiotal stationer l\u00e4ngs kusten. Resultat fr\u00e5n provtagningarna kan laddas ned <a href=\"http:\/\/blekingekvlvf.vattenorg.se\/manadsrapporter\/resultat.php\" target=\"_blank\" rel=\"noreferrer noopener\">h\u00e4r<\/a>.<\/p>\n","protected":false},"excerpt":{"rendered":"<p>En rad olika kemisk-fysikaliska parametrar provtas i Blekinges kustvatten. Varje m\u00e5nad provtas tv\u00e5 s\u00e5 kallade intensivstationer och fem g\u00e5nger \u00e5rligen (sommar och vinter) tas prover vid ytterligare ett tiotal stationer l\u00e4ngs kusten. Resultat fr\u00e5n provtagningarna kan laddas ned h\u00e4r.<\/p>\n","protected":false},"author":1,"featured_media":0,"parent":125,"menu_order":0,"comment_status":"closed","ping_status":"closed","template":"","meta":{"footnotes":""},"class_list":["post-129","page","type-page","status-publish","hentry"],"_links":{"self":[{"href":"https:\/\/blekingekvlvf.vattenorg.se\/index.php?rest_route=\/wp\/v2\/pages\/129","targetHints":{"allow":["GET"]}}],"collection":[{"href":"https:\/\/blekingekvlvf.vattenorg.se\/index.php?rest_route=\/wp\/v2\/pages"}],"about":[{"href":"https:\/\/blekingekvlvf.vattenorg.se\/index.php?rest_route=\/wp\/v2\/types\/page"}],"author":[{"embeddable":true,"href":"https:\/\/blekingekvlvf.vattenorg.se\/index.php?rest_route=\/wp\/v2\/users\/1"}],"replies":[{"embeddable":true,"href":"https:\/\/blekingekvlvf.vattenorg.se\/index.php?rest_route=%2Fwp%2Fv2%2Fcomments&post=129"}],"version-history":[{"count":4,"href":"https:\/\/blekingekvlvf.vattenorg.se\/index.php?rest_route=\/wp\/v2\/pages\/129\/revisions"}],"predecessor-version":[{"id":367,"href":"https:\/\/blekingekvlvf.vattenorg.se\/index.php?rest_route=\/wp\/v2\/pages\/129\/revisions\/367"}],"up":[{"embeddable":true,"href":"https:\/\/blekingekvlvf.vattenorg.se\/index.php?rest_route=\/wp\/v2\/pages\/125"}],"wp:attachment":[{"href":"https:\/\/blekingekvlvf.vattenorg.se\/index.php?rest_route=%2Fwp%2Fv2%2Fmedia&parent=129"}],"curies":[{"name":"wp","href":"https:\/\/api.w.org\/{rel}","templated":true}]}}