{"id":133,"date":"2019-12-20T20:58:40","date_gmt":"2019-12-20T20:58:40","guid":{"rendered":"https:\/\/blekingekvlvf.vattenorg.se\/?page_id=133"},"modified":"2020-01-09T20:48:22","modified_gmt":"2020-01-09T20:48:22","slug":"makroalger-och-epifauna","status":"publish","type":"page","link":"https:\/\/blekingekvlvf.vattenorg.se\/?page_id=133","title":{"rendered":"Makroalger och epifauna"},"content":{"rendered":"\n<div class=\"wp-block-image\"><figure class=\"alignright size-large\"><img loading=\"lazy\" decoding=\"async\" width=\"220\" height=\"195\" src=\"https:\/\/blekingekvlvf.vattenorg.se\/wp-content\/uploads\/2020\/01\/ullslake.png\" alt=\"Ullsl\u00e4ke\" class=\"wp-image-317\"\/><figcaption> R\u00f6dalgen ullsl\u00e4ke (<em>Ceramium tenuicorne<\/em>) i ett mikroskopiskt preparat. <\/figcaption><\/figure><\/div>\n\n\n\n<p>Mellan mitten av augusti och mitten av oktober inventeras varje \u00e5r vegetationen l\u00e4ngs 5-6 dyktransekter. F\u00f6rutom den s\u00e5 kallade linjetaxeringen som sker med dykning samlas ytterligare prover in f\u00f6r vidare analys p\u00e5 labb. Dels samlas bl\u00e5st\u00e5ngsplantor in f\u00f6r best\u00e4mning av algp\u00e5v\u00e4xt och fauna men \u00e4ven \u00e5rsskott av bl\u00e5st\u00e5ngen samlas in f\u00f6r n\u00e4rsaltsanalys. I r\u00f6dalgsb\u00e4ltet samlas algprover in fr\u00e5n olika rutor f\u00f6r att artbest\u00e4mmas och v\u00e4gas.<\/p>\n\n\n\n<p><br><\/p>\n","protected":false},"excerpt":{"rendered":"<p>Mellan mitten av augusti och mitten av oktober inventeras varje \u00e5r vegetationen l\u00e4ngs 5-6 dyktransekter. F\u00f6rutom den s\u00e5 kallade linjetaxeringen som sker med dykning samlas ytterligare prover in f\u00f6r vidare analys p\u00e5 labb. Dels samlas bl\u00e5st\u00e5ngsplantor in f\u00f6r best\u00e4mning av algp\u00e5v\u00e4xt och fauna men \u00e4ven \u00e5rsskott av bl\u00e5st\u00e5ngen samlas in f\u00f6r n\u00e4rsaltsanalys. I r\u00f6dalgsb\u00e4ltet samlas\u2026 <span class=\"read-more\"><a href=\"https:\/\/blekingekvlvf.vattenorg.se\/?page_id=133\">L\u00e4s mer &raquo;<\/a><\/span><\/p>\n","protected":false},"author":1,"featured_media":0,"parent":125,"menu_order":0,"comment_status":"closed","ping_status":"closed","template":"","meta":{"footnotes":""},"class_list":["post-133","page","type-page","status-publish","hentry"],"_links":{"self":[{"href":"https:\/\/blekingekvlvf.vattenorg.se\/index.php?rest_route=\/wp\/v2\/pages\/133","targetHints":{"allow":["GET"]}}],"collection":[{"href":"https:\/\/blekingekvlvf.vattenorg.se\/index.php?rest_route=\/wp\/v2\/pages"}],"about":[{"href":"https:\/\/blekingekvlvf.vattenorg.se\/index.php?rest_route=\/wp\/v2\/types\/page"}],"author":[{"embeddable":true,"href":"https:\/\/blekingekvlvf.vattenorg.se\/index.php?rest_route=\/wp\/v2\/users\/1"}],"replies":[{"embeddable":true,"href":"https:\/\/blekingekvlvf.vattenorg.se\/index.php?rest_route=%2Fwp%2Fv2%2Fcomments&post=133"}],"version-history":[{"count":2,"href":"https:\/\/blekingekvlvf.vattenorg.se\/index.php?rest_route=\/wp\/v2\/pages\/133\/revisions"}],"predecessor-version":[{"id":318,"href":"https:\/\/blekingekvlvf.vattenorg.se\/index.php?rest_route=\/wp\/v2\/pages\/133\/revisions\/318"}],"up":[{"embeddable":true,"href":"https:\/\/blekingekvlvf.vattenorg.se\/index.php?rest_route=\/wp\/v2\/pages\/125"}],"wp:attachment":[{"href":"https:\/\/blekingekvlvf.vattenorg.se\/index.php?rest_route=%2Fwp%2Fv2%2Fmedia&parent=133"}],"curies":[{"name":"wp","href":"https:\/\/api.w.org\/{rel}","templated":true}]}}