{"id":138,"date":"2019-12-20T21:06:58","date_gmt":"2019-12-20T21:06:58","guid":{"rendered":"https:\/\/blekingekvlvf.vattenorg.se\/?page_id=138"},"modified":"2019-12-28T20:37:39","modified_gmt":"2019-12-28T20:37:39","slug":"verksamhet","status":"publish","type":"page","link":"https:\/\/blekingekvlvf.vattenorg.se\/?page_id=138","title":{"rendered":"Verksamhet"},"content":{"rendered":"\n<p><strong>Krondroppsn\u00e4tet<\/strong><\/p>\n\n\n\n<p>Krondroppsn\u00e4tet har som m\u00e5ls\u00e4ttning att driva en samordnad, l\u00e4nsvis milj\u00f6\u00f6vervakning av skogsekosystemen i hela Sverige. \u00d6vervakningen \u00e4r inriktad mot lufthalter, nedfall av f\u00f6rsurande och \u00f6verg\u00f6dande \u00e4mnen samt dess inverkan p\u00e5 markvattnets kvalitet.\u00a0<a href=\"https:\/\/blekingekvlvf.vattenorg.se\/?page_id=146\">L\u00e4s mer<\/a>.<\/p>\n\n\n\n<p><strong>Lavunders\u00f6kning<\/strong><\/p>\n\n\n\n<p>M\u00e5nga lavar \u00e4r k\u00e4nsliga f\u00f6r luftf\u00f6roreningar. Om lavarna har tydliga skador, om antalet arter \u00e4r l\u00e5gt eller om lavar helt saknas s\u00e5 \u00e4r detta en allvarlig negativ milj\u00f6signal.\u00a0<a href=\"https:\/\/blekingekvlvf.vattenorg.se\/?page_id=148\">L\u00e4s mer<\/a>.<\/p>\n\n\n\n<p><strong>Ozonm\u00e4tn\u00e4tet i s\u00f6dra Sverige<\/strong><\/p>\n\n\n\n<p>Inom programmet \u201cOzonm\u00e4tn\u00e4tet i s\u00f6dra Sverige\u201d \u00e4r syftet att p\u00e5 ett kostnadseffektivt s\u00e4tt ge en helt\u00e4ckande bild av ozonbelastningen i bakgrundsmilj\u00f6n i s\u00f6dra Sverige.\u00a0<a href=\"https:\/\/blekingekvlvf.vattenorg.se\/?page_id=144\">L\u00e4s mer<\/a>.<\/p>\n\n\n\n<p><strong>Samordnad Luft\u00f6vervakning<\/strong><\/p>\n\n\n\n<p>MKN f\u00f6r luft har inf\u00f6rts i svensk lagstiftning f\u00f6r att \u00e5stadkomma en godtagbar luftkvalitetssituation.\u00a0<a href=\"https:\/\/blekingekvlvf.vattenorg.se\/?page_id=142\" target=\"_blank\" rel=\"noreferrer noopener\" aria-label=\"L\u00e4s mer (\u00f6ppnas i en ny flik)\">L\u00e4s<\/a><a href=\"https:\/\/blekingekvlvf.vattenorg.se\/?page_id=142\"> <\/a><a href=\"https:\/\/blekingekvlvf.vattenorg.se\/?page_id=142\" target=\"_blank\" rel=\"noreferrer noopener\" aria-label=\"L\u00e4s mer (\u00f6ppnas i en ny flik)\">mer<\/a>.<br><\/p>\n","protected":false},"excerpt":{"rendered":"<p>Krondroppsn\u00e4tet Krondroppsn\u00e4tet har som m\u00e5ls\u00e4ttning att driva en samordnad, l\u00e4nsvis milj\u00f6\u00f6vervakning av skogsekosystemen i hela Sverige. \u00d6vervakningen \u00e4r inriktad mot lufthalter, nedfall av f\u00f6rsurande och \u00f6verg\u00f6dande \u00e4mnen samt dess inverkan p\u00e5 markvattnets kvalitet.\u00a0L\u00e4s mer. Lavunders\u00f6kning M\u00e5nga lavar \u00e4r k\u00e4nsliga f\u00f6r luftf\u00f6roreningar. Om lavarna har tydliga skador, om antalet arter \u00e4r l\u00e5gt eller om lavar helt\u2026 <span class=\"read-more\"><a href=\"https:\/\/blekingekvlvf.vattenorg.se\/?page_id=138\">L\u00e4s mer &raquo;<\/a><\/span><\/p>\n","protected":false},"author":1,"featured_media":0,"parent":123,"menu_order":0,"comment_status":"closed","ping_status":"closed","template":"","meta":{"footnotes":""},"class_list":["post-138","page","type-page","status-publish","hentry"],"_links":{"self":[{"href":"https:\/\/blekingekvlvf.vattenorg.se\/index.php?rest_route=\/wp\/v2\/pages\/138","targetHints":{"allow":["GET"]}}],"collection":[{"href":"https:\/\/blekingekvlvf.vattenorg.se\/index.php?rest_route=\/wp\/v2\/pages"}],"about":[{"href":"https:\/\/blekingekvlvf.vattenorg.se\/index.php?rest_route=\/wp\/v2\/types\/page"}],"author":[{"embeddable":true,"href":"https:\/\/blekingekvlvf.vattenorg.se\/index.php?rest_route=\/wp\/v2\/users\/1"}],"replies":[{"embeddable":true,"href":"https:\/\/blekingekvlvf.vattenorg.se\/index.php?rest_route=%2Fwp%2Fv2%2Fcomments&post=138"}],"version-history":[{"count":3,"href":"https:\/\/blekingekvlvf.vattenorg.se\/index.php?rest_route=\/wp\/v2\/pages\/138\/revisions"}],"predecessor-version":[{"id":302,"href":"https:\/\/blekingekvlvf.vattenorg.se\/index.php?rest_route=\/wp\/v2\/pages\/138\/revisions\/302"}],"up":[{"embeddable":true,"href":"https:\/\/blekingekvlvf.vattenorg.se\/index.php?rest_route=\/wp\/v2\/pages\/123"}],"wp:attachment":[{"href":"https:\/\/blekingekvlvf.vattenorg.se\/index.php?rest_route=%2Fwp%2Fv2%2Fmedia&parent=138"}],"curies":[{"name":"wp","href":"https:\/\/api.w.org\/{rel}","templated":true}]}}