{"id":146,"date":"2019-12-20T21:13:13","date_gmt":"2019-12-20T21:13:13","guid":{"rendered":"https:\/\/blekingekvlvf.vattenorg.se\/?page_id=146"},"modified":"2020-01-09T19:04:51","modified_gmt":"2020-01-09T19:04:51","slug":"krondroppsnatet","status":"publish","type":"page","link":"https:\/\/blekingekvlvf.vattenorg.se\/?page_id=146","title":{"rendered":"Krondroppsn\u00e4tet"},"content":{"rendered":"\n<p>Krondroppsn\u00e4tet har som m\u00e5ls\u00e4ttning att driva en samordnad, l\u00e4nsvis milj\u00f6vervakning av skogsekosystemen i hela Sverige. \u00d6vervakningen \u00e4r inriktad mot lufthalter, nedfall av f\u00f6rsurande och \u00f6verg\u00f6dande \u00e4mnen samt dess inverkan p\u00e5 markvattnets kvalitet. \u00c4ven nedfallet till skogen av n\u00e4rings\u00e4mnen ut\u00f6ver kv\u00e4ve samt vissa tungmetaller \u00f6vervakas.Resultaten tolkas med koppling till v\u00e4dersituationer och deras f\u00f6r\u00e4ndring. Samordning g\u00f6rs med skogliga observationer fr\u00e5n Skogsstyrelsens observationsytor. M\u00e4tmetoder utvecklas och f\u00f6rb\u00e4ttras kontinuerligt. <\/p>\n\n\n\n<div class=\"wp-block-image\"><figure class=\"aligncenter size-large\"><img loading=\"lazy\" decoding=\"async\" width=\"300\" height=\"193\" src=\"https:\/\/blekingekvlvf.vattenorg.se\/wp-content\/uploads\/2020\/01\/kd.jpg\" alt=\"Krondroppsn\u00e4tet\" class=\"wp-image-304\"\/><figcaption> M\u00e4tstationer.  Bild fr\u00e5n IVL. <\/figcaption><\/figure><\/div>\n\n\n\n<p>Krondroppsn\u00e4tet kan beskriva historiska f\u00f6r\u00e4ndringar och nul\u00e4ge s\u00e5v\u00e4l som, genom modelleringar, g\u00f6ra f\u00f6ruts\u00e4gelser f\u00f6r framtiden, inte minst i perspektivet av p\u00e5g\u00e5ende klimatf\u00f6r\u00e4ndringar.<\/p>\n\n\n\n<p>De f\u00f6rsta unders\u00f6kningarna startades i Blekinge 1985, och nuvarande programperiod l\u00f6per 2015-2020.<br>Mer information finns p\u00e5 hemsidan&nbsp;<a href=\"http:\/\/www.krondroppsnatet.ivl.se\/\" target=\"_blank\" rel=\"noreferrer noopener\">IVL:s Krondroppsn\u00e4t<\/a>.<\/p>\n\n\n\n<p>Presentation av de senaste resultaten fr\u00e5n Krondroppsn\u00e4tet (1984-) finns under&nbsp;Ladda ned &#8211; Luftdelen.<br><\/p>\n","protected":false},"excerpt":{"rendered":"<p>Krondroppsn\u00e4tet har som m\u00e5ls\u00e4ttning att driva en samordnad, l\u00e4nsvis milj\u00f6vervakning av skogsekosystemen i hela Sverige. \u00d6vervakningen \u00e4r inriktad mot lufthalter, nedfall av f\u00f6rsurande och \u00f6verg\u00f6dande \u00e4mnen samt dess inverkan p\u00e5 markvattnets kvalitet. \u00c4ven nedfallet till skogen av n\u00e4rings\u00e4mnen ut\u00f6ver kv\u00e4ve samt vissa tungmetaller \u00f6vervakas.Resultaten tolkas med koppling till v\u00e4dersituationer och deras f\u00f6r\u00e4ndring. Samordning g\u00f6rs med\u2026 <span class=\"read-more\"><a href=\"https:\/\/blekingekvlvf.vattenorg.se\/?page_id=146\">L\u00e4s mer &raquo;<\/a><\/span><\/p>\n","protected":false},"author":1,"featured_media":0,"parent":123,"menu_order":0,"comment_status":"closed","ping_status":"closed","template":"","meta":{"footnotes":""},"class_list":["post-146","page","type-page","status-publish","hentry"],"_links":{"self":[{"href":"https:\/\/blekingekvlvf.vattenorg.se\/index.php?rest_route=\/wp\/v2\/pages\/146","targetHints":{"allow":["GET"]}}],"collection":[{"href":"https:\/\/blekingekvlvf.vattenorg.se\/index.php?rest_route=\/wp\/v2\/pages"}],"about":[{"href":"https:\/\/blekingekvlvf.vattenorg.se\/index.php?rest_route=\/wp\/v2\/types\/page"}],"author":[{"embeddable":true,"href":"https:\/\/blekingekvlvf.vattenorg.se\/index.php?rest_route=\/wp\/v2\/users\/1"}],"replies":[{"embeddable":true,"href":"https:\/\/blekingekvlvf.vattenorg.se\/index.php?rest_route=%2Fwp%2Fv2%2Fcomments&post=146"}],"version-history":[{"count":2,"href":"https:\/\/blekingekvlvf.vattenorg.se\/index.php?rest_route=\/wp\/v2\/pages\/146\/revisions"}],"predecessor-version":[{"id":305,"href":"https:\/\/blekingekvlvf.vattenorg.se\/index.php?rest_route=\/wp\/v2\/pages\/146\/revisions\/305"}],"up":[{"embeddable":true,"href":"https:\/\/blekingekvlvf.vattenorg.se\/index.php?rest_route=\/wp\/v2\/pages\/123"}],"wp:attachment":[{"href":"https:\/\/blekingekvlvf.vattenorg.se\/index.php?rest_route=%2Fwp%2Fv2%2Fmedia&parent=146"}],"curies":[{"name":"wp","href":"https:\/\/api.w.org\/{rel}","templated":true}]}}