{"id":6,"date":"2019-11-25T18:09:03","date_gmt":"2019-11-25T18:09:03","guid":{"rendered":"https:\/\/blekingekvlvf.vattenorg.se\/?page_id=6"},"modified":"2023-11-08T19:26:24","modified_gmt":"2023-11-08T19:26:24","slug":"hem","status":"publish","type":"page","link":"https:\/\/blekingekvlvf.vattenorg.se\/","title":{"rendered":"Hem"},"content":{"rendered":"\n<h3 class=\"wp-block-heading\">V\u00e4lkommen till Blekinge kustvatten och luftv\u00e5rdsf\u00f6rbund <\/h3>\n\n\n\n<p> I slutet av 1980-talet uppstod ett behov f\u00f6r verksamhetsut\u00f6vare med milj\u00f6p\u00e5verkan att samordna sin kontroll av p\u00e5verkan i recipienterna. D\u00e4rf\u00f6r bildades&nbsp;Blekinge Luftv\u00e5rdsf\u00f6rbund&nbsp;1989 och Blekingekustens Vattenv\u00e5rdsf\u00f6rbund 1990. Blekinge var tidigt ute med att bilda samordningsf\u00f6rbund f\u00f6r kontroll av recipienterna. Liknande f\u00f6rbund finns p\u00e5 flera h\u00e5ll i Sverige. Fr\u00e5n 2013 sk\u00f6ts kontrollen f\u00f6r b\u00e5de vatten och luft i detta gemensamma f\u00f6rbund.<\/p>\n\n\n<div class=\"wp-block-image\">\n<figure class=\"alignright size-large\"><img loading=\"lazy\" decoding=\"async\" width=\"300\" height=\"200\" src=\"https:\/\/blekingekvlvf.vattenorg.se\/wp-content\/uploads\/2019\/12\/skyar.jpg\" alt=\"skyar\" class=\"wp-image-106\"\/><\/figure>\n<\/div>\n\n\n<p>Ur stadgarna \u00e4r f\u00f6ljande citat h\u00e4mtat: \u201dF\u00f6rbundet har till uppgift att initiera och samordna erforderliga unders\u00f6kningar f\u00f6r bed\u00f6mning av p\u00e5verkansgrad och utvecklingstendenser, i luft och kustvatten i Blekinge\u201d.<\/p>\n\n\n\n<p>Provtagningarna f\u00f6ljer uppgjorda program, och samordnas delvis med andra f\u00f6rbund och \u00f6vervakningar. F\u00f6r n\u00e4rvarande sk\u00f6ts kontrollen av vatten av NIRAS och Linn\u00e9-universitetet, medan kontrollen av luft huvudsakligen utf\u00f6rs av IVL. M\u00e4tresultaten anv\u00e4nds f\u00f6r att l\u00e5ngsiktigt f\u00f6lja utvecklingen i recipienterna.<\/p>\n\n\n\n<p><strong>Ladda ner resultat h\u00e4r:<\/strong><br>F\u00f6r vattendelen finns resultaten av m\u00e4tningarna som&nbsp;<a rel=\"noreferrer noopener\" aria-label=\"s\u00f6ktj\u00e4nst&nbsp;per station (\u00f6ppnas i en ny flik)\" href=\"http:\/\/blekingekvlvf.vattenorg.se\/manadsrapporter\/resultat.php\" target=\"_blank\">s\u00f6ktj\u00e4nst&nbsp;per station<\/a> eller som&nbsp;rapport&nbsp;per unders\u00f6knings\u00e5r.<br>F\u00f6r luftdelen finns resultaten som presentationsmaterial eller via l\u00e4nkar till IVL under varje&nbsp;delrapport.<\/p>\n\n\n\n<hr class=\"wp-block-separator has-css-opacity\"\/>\n\n\n\n<h5 class=\"wp-block-heading\">Aktuella aktiviteter hittar du till h\u00f6ger under nyheter!<\/h5>\n","protected":false},"excerpt":{"rendered":"<p>V\u00e4lkommen till Blekinge kustvatten och luftv\u00e5rdsf\u00f6rbund I slutet av 1980-talet uppstod ett behov f\u00f6r verksamhetsut\u00f6vare med milj\u00f6p\u00e5verkan att samordna sin kontroll av p\u00e5verkan i recipienterna. D\u00e4rf\u00f6r bildades&nbsp;Blekinge Luftv\u00e5rdsf\u00f6rbund&nbsp;1989 och Blekingekustens Vattenv\u00e5rdsf\u00f6rbund 1990. Blekinge var tidigt ute med att bilda samordningsf\u00f6rbund f\u00f6r kontroll av recipienterna. Liknande f\u00f6rbund finns p\u00e5 flera h\u00e5ll i Sverige. Fr\u00e5n 2013 sk\u00f6ts\u2026 <span class=\"read-more\"><a href=\"https:\/\/blekingekvlvf.vattenorg.se\/\">L\u00e4s mer &raquo;<\/a><\/span><\/p>\n","protected":false},"author":1,"featured_media":0,"parent":0,"menu_order":0,"comment_status":"closed","ping_status":"closed","template":"","meta":{"footnotes":""},"class_list":["post-6","page","type-page","status-publish","hentry"],"_links":{"self":[{"href":"https:\/\/blekingekvlvf.vattenorg.se\/index.php?rest_route=\/wp\/v2\/pages\/6","targetHints":{"allow":["GET"]}}],"collection":[{"href":"https:\/\/blekingekvlvf.vattenorg.se\/index.php?rest_route=\/wp\/v2\/pages"}],"about":[{"href":"https:\/\/blekingekvlvf.vattenorg.se\/index.php?rest_route=\/wp\/v2\/types\/page"}],"author":[{"embeddable":true,"href":"https:\/\/blekingekvlvf.vattenorg.se\/index.php?rest_route=\/wp\/v2\/users\/1"}],"replies":[{"embeddable":true,"href":"https:\/\/blekingekvlvf.vattenorg.se\/index.php?rest_route=%2Fwp%2Fv2%2Fcomments&post=6"}],"version-history":[{"count":14,"href":"https:\/\/blekingekvlvf.vattenorg.se\/index.php?rest_route=\/wp\/v2\/pages\/6\/revisions"}],"predecessor-version":[{"id":411,"href":"https:\/\/blekingekvlvf.vattenorg.se\/index.php?rest_route=\/wp\/v2\/pages\/6\/revisions\/411"}],"wp:attachment":[{"href":"https:\/\/blekingekvlvf.vattenorg.se\/index.php?rest_route=%2Fwp%2Fv2%2Fmedia&parent=6"}],"curies":[{"name":"wp","href":"https:\/\/api.w.org\/{rel}","templated":true}]}}